{"id":2446,"date":"2025-11-17T10:40:22","date_gmt":"2025-11-17T10:40:22","guid":{"rendered":"https:\/\/nursupply.com\/?page_id=2446"},"modified":"2025-12-23T14:03:22","modified_gmt":"2025-12-23T14:03:22","slug":"home-ru","status":"publish","type":"page","link":"https:\/\/nursupply.com\/?page_id=2446&lang=ru","title":{"rendered":"\u0413\u043b\u0430\u0432\u043d\u0430\u044f"},"content":{"rendered":"\t\t<div data-elementor-type=\"wp-page\" data-elementor-id=\"2446\" class=\"elementor elementor-2446\">\n\t\t\t\t<div class=\"elementor-element elementor-element-7513f3da e-con-full bubble-shape e-flex e-con e-parent\" data-id=\"7513f3da\" data-element_type=\"container\" data-settings=\"{&quot;background_background&quot;:&quot;classic&quot;}\">\n\t\t\t\t<div class=\"elementor-element elementor-element-16955311 elementor-widget elementor-widget-slider_revolution\" data-id=\"16955311\" data-element_type=\"widget\" data-widget_type=\"slider_revolution.default\">\n\t\t\t\t\t\n\t\t<div class=\"wp-block-themepunch-revslider\">\n\t\t\t\t<p class=\"rs-p-wp-fix\"><\/p>\n\t\t\t\t<sr7-module data-alias=\"slider-01\" data-id=\"1\" id=\"SR7_1_1\" class=\"rs-ov-hidden\" data-version=\"6.7.38\">\n\t\t\t\t\t<sr7-adjuster><\/sr7-adjuster>\n\t\t\t\t\t<sr7-content>\n\t\t\t\t\t\t<sr7-slide id=\"SR7_1_1-1\" data-key=\"1\">\n\t\t\t\t\t\t\t<sr7-txt id=\"SR7_1_1-1-3\" class=\"sr7-layer\">NUR GENERAL SUPPLY olaraq s\u0259ni salamlay\u0131r\u0131q.<\/sr7-txt>\n\t\t\t\t\t\t<\/sr7-slide>\n\t\t\t\t\t\t<sr7-slide id=\"SR7_1_1-2\" data-key=\"2\">\n\t\t\t\t\t\t\t<sr7-txt id=\"SR7_1_1-2-7\" class=\"sr7-layer\">S\u0259nin \u00fc\u00e7\u00fcn buraday\u0131q<br \/>\nKeyfiyy\u0259tli \u2022 Gigyenik \u2022 A\u015fa\u011f\u0131 qiym\u0259t<\/sr7-txt>\n\t\t\t\t\t\t<\/sr7-slide>\n\t\t\t\t\t\t<sr7-slide id=\"SR7_1_1-3\" data-key=\"3\">\n\t\t\t\t\t\t<\/sr7-slide>\n\t\t\t\t\t<\/sr7-content>\n\t\t\t\t\t<image_lists style=\"display:none\">\n\t\t\t\t\t\t<img data-src=\"\/\/nursupply.com\/wp-content\/uploads\/2023\/09\/slider-01.png\" data-libid=\"703\" data-lib=\"medialibrary\" title=\"slider-01\" width=\"0\" height=\"0\" data-dbsrc=\"Ly9udXJzdXBwbHkuY29tL3dwLWNvbnRlbnQvdXBsb2Fkcy8yMDIzLzA5L3NsaWRlci0wMS5wbmc=\"\/>\n\t\t\t\t\t\t<img data-src=\"\/\/nursupply.com\/wp-content\/uploads\/2023\/09\/slider-02.png\" data-libid=\"794\" data-lib=\"medialibrary\" title=\"slider-02\" width=\"0\" height=\"0\" data-dbsrc=\"Ly9udXJzdXBwbHkuY29tL3dwLWNvbnRlbnQvdXBsb2Fkcy8yMDIzLzA5L3NsaWRlci0wMi5wbmc=\"\/>\n\t\t\t\t\t<\/image_lists>\n\t\t\t\t<\/sr7-module>\n\t\t\t\t<script>\n\t\t\t\t\tSR7.PMH ??={}; SR7.PMH[\"SR7_1_1\"] = {cn:100,state:false,fn: function() { if (_tpt!==undefined && _tpt.prepareModuleHeight !== undefined) {  _tpt.prepareModuleHeight({id:\"SR7_1_1\",el:[850,850,850,850,1200],type:'standard',shdw:'0',gh:[850,850,850,850,1200],gw:[1920,1920,1920,1920,1920],vpt:['-100px&#039;,&#039;-100px&#039;,&#039;-100px&#039;,&#039;-100px&#039;,&#039;-100px'],size:{fullWidth:true, fullHeight:false},mh:'0',onh:0,onw:0,bg:{color:'{\"orig\":\"transparent\",\"type\":\"solid\",\"string\":\"transparent\"}'}});   SR7.PMH[\"SR7_1_1\"].state=true;} else if(SR7.PMH[\"SR7_1_1\"].cn-->0)\tsetTimeout( SR7.PMH[\"SR7_1_1\"].fn,19);}};SR7.PMH[\"SR7_1_1\" ].fn();\n\t\t\t\t<\/script>\n<\/div>\n\n\t\t\t\t\t\t<\/div>\n\t\t\t\t<\/div>\n\t\t<div class=\"elementor-element elementor-element-6b9fbe2c e-flex e-con-boxed e-con e-parent\" data-id=\"6b9fbe2c\" data-element_type=\"container\">\n\t\t\t\t\t<div class=\"e-con-inner\">\n\t\t<div class=\"elementor-element elementor-element-66c55809 e-con-full  dark-heading cms-01 e-flex e-con e-child\" data-id=\"66c55809\" data-element_type=\"container\">\n\t\t\t\t<div class=\"elementor-element elementor-element-6ecb63da cms-counter elementor-widget-mobile__width-auto elementor-widget elementor-widget-Counter\" data-id=\"6ecb63da\" data-element_type=\"widget\" data-widget_type=\"Counter.default\">\n\t\t\t\t<div class=\"elementor-widget-container\">\n\t\t\t\t\t\t\t\t\t<div class=\"counter counter-default counter-md text-left\">\r\n\t\t\t<div class=\"counter-containt\">\r\n\t\t\t\t<div class=\"counter\">\r\n\t\t\t\t\t<div class=\"section-number counter-title\" data-to=\"35\">\r\n\t\t\t\t\t\t35\t\t\t\t\t<\/div>\r\n\t\t\t\t\t<i aria-hidden=\"true\" class=\"fas fa-plus\"><\/i>\t\t\t\t<\/div>\r\n\t\t\t\t\t\t\t\t<h5 class=\"counter-title\">Years of Experience<\/h5>\r\n\t\t\t<\/div>\r\n\t\t<\/div>\r\n\t\t\t\t\t\t<\/div>\n\t\t\t\t<\/div>\n\t\t\t\t<div class=\"elementor-element elementor-element-26c9e9d5 elementor-absolute up-down  elementor-widget elementor-widget-image\" data-id=\"26c9e9d5\" data-element_type=\"widget\" data-settings=\"{&quot;_position&quot;:&quot;absolute&quot;}\" data-widget_type=\"image.default\">\n\t\t\t\t\t\t\t\t\t\t\t\t\t\t\t<img decoding=\"async\" width=\"200\" height=\"215\" src=\"https:\/\/nursupply.com\/wp-content\/uploads\/2024\/09\/cms-01.jpg\" class=\"attachment-large size-large wp-image-1594\" alt=\"\" \/>\t\t\t\t\t\t\t\t\t\t\t\t\t\t\t<\/div>\n\t\t\t\t<div class=\"elementor-element elementor-element-3b1f21db elementor-absolute elementor-widget-tablet_extra__width-initial elementor-widget-tablet__width-initial elementor-hidden-mobile elementor-widget elementor-widget-image\" data-id=\"3b1f21db\" data-element_type=\"widget\" data-settings=\"{&quot;_position&quot;:&quot;absolute&quot;}\" data-widget_type=\"image.default\">\n\t\t\t\t\t\t\t\t\t\t\t\t\t\t\t<img loading=\"lazy\" decoding=\"async\" width=\"145\" height=\"140\" src=\"https:\/\/nursupply.com\/wp-content\/uploads\/2024\/09\/cms-shape.png\" class=\"attachment-large size-large wp-image-1595\" alt=\"\" \/>\t\t\t\t\t\t\t\t\t\t\t\t\t\t\t<\/div>\n\t\t\t\t<div class=\"elementor-element elementor-element-528395bf hover-img elementor-widget-mobile__width-initial elementor-widget elementor-widget-image\" data-id=\"528395bf\" data-element_type=\"widget\" data-widget_type=\"image.default\">\n\t\t\t\t\t\t\t\t\t\t\t\t\t\t\t<img loading=\"lazy\" decoding=\"async\" width=\"470\" height=\"545\" src=\"https:\/\/nursupply.com\/wp-content\/uploads\/2024\/09\/cms-02.jpg\" class=\"attachment-full size-full wp-image-1596\" alt=\"\" \/>\t\t\t\t\t\t\t\t\t\t\t\t\t\t\t<\/div>\n\t\t\t\t<div class=\"elementor-element elementor-element-51e63ecf elementor-absolute call-content elementor-widget elementor-widget-heading\" data-id=\"51e63ecf\" data-element_type=\"widget\" data-settings=\"{&quot;_position&quot;:&quot;absolute&quot;}\" data-widget_type=\"heading.default\">\n\t\t\t\t\t<div class=\"elementor-heading-title elementor-size-default\">\n    \n    \n    \n  \n  <span>(+800)<br>123 456 7890<\/span><\/div>\t\t\t\t<\/div>\n\t\t\t\t<\/div>\n\t\t<div class=\"elementor-element elementor-element-2372319f e-con-full e-flex e-con e-child\" data-id=\"2372319f\" data-element_type=\"container\">\n\t\t\t\t<div class=\"elementor-element elementor-element-6326a29c elementor-widget elementor-widget-Section Title\" data-id=\"6326a29c\" data-element_type=\"widget\" data-widget_type=\"Section Title.default\">\n\t\t\t\t<div class=\"elementor-widget-container\">\n\t\t\t\t\t\t\t<div class=\"tt-section-title \">\r\n\t\t    \t\t\t\t\t\t<div class=\"sub-title\"><span class=\"tt-section-sab\">About Cleaning Agency<\/span><\/div>\r\n\t\t\t\t\t\t\t\t\t\t\t\t\t\t\t\t<h2 class=\"section-heading\">We Provide Best Cleaning\nService Provider<\/h2>\r\n\t\t\t\t\t\t\t\t\t\t\t\t<div class=\"subtitle-wrap\"><p class=\"title_description\">We provide a range of contract cleaning UK services across a\nvariety of  sectors including factory, laboratory, educational and commercial.\nHome cleaning service options and continue by example......<\/P><\/div>\r\n\t\t\t\t\t\t\t\t<\/div>  \r\n\t\t\t\t\t\t<\/div>\n\t\t\t\t<\/div>\n\t\t<div class=\"elementor-element elementor-element-71b5f13 service-cms-box e-flex e-con-boxed e-con e-child\" data-id=\"71b5f13\" data-element_type=\"container\">\n\t\t\t\t\t<div class=\"e-con-inner\">\n\t\t\t\t<div class=\"elementor-element elementor-element-7eee66cb bg-round elementor-widget-mobile__width-initial elementor-widget elementor-widget-image\" data-id=\"7eee66cb\" data-element_type=\"widget\" data-widget_type=\"image.default\">\n\t\t\t\t\t\t\t\t\t\t\t\t\t\t\t<img loading=\"lazy\" decoding=\"async\" width=\"65\" height=\"60\" src=\"https:\/\/nursupply.com\/wp-content\/uploads\/2024\/09\/cms-01.png\" class=\"attachment-large size-large wp-image-1597\" alt=\"\" \/>\t\t\t\t\t\t\t\t\t\t\t\t\t\t\t<\/div>\n\t\t\t\t<div class=\"elementor-element elementor-element-7ffe8eb8 elementor-widget__width-initial elementor-widget elementor-widget-Section Title\" data-id=\"7ffe8eb8\" data-element_type=\"widget\" data-widget_type=\"Section Title.default\">\n\t\t\t\t<div class=\"elementor-widget-container\">\n\t\t\t\t\t\t\t<div class=\"tt-section-title text-start\">\r\n\t\t    \t\t\t\t\t\t\t\t\t\t\t\t\t\t\t\t<h2 class=\"section-heading\">Customer Focused Reviews<\/h2>\r\n\t\t\t\t\t\t\t\t\t\t\t\t<div class=\"subtitle-wrap\"><p class=\"title_description\">In order to manage each of our sites we follow and agree dates\nto ensure management is maintained in the following--<\/P><\/div>\r\n\t\t\t\t\t\t\t\t<\/div>  \r\n\t\t\t\t\t\t<\/div>\n\t\t\t\t<\/div>\n\t\t\t\t\t<\/div>\n\t\t\t\t<\/div>\n\t\t<div class=\"elementor-element elementor-element-26fca723 service-cms-box e-flex e-con-boxed e-con e-child\" data-id=\"26fca723\" data-element_type=\"container\">\n\t\t\t\t\t<div class=\"e-con-inner\">\n\t\t\t\t<div class=\"elementor-element elementor-element-4b9fb066 bg-round elementor-widget-mobile__width-initial elementor-widget elementor-widget-image\" data-id=\"4b9fb066\" data-element_type=\"widget\" data-widget_type=\"image.default\">\n\t\t\t\t\t\t\t\t\t\t\t\t\t\t\t<img loading=\"lazy\" decoding=\"async\" width=\"65\" height=\"60\" src=\"https:\/\/nursupply.com\/wp-content\/uploads\/2024\/09\/cms-02.png\" class=\"attachment-large size-large wp-image-1598\" alt=\"\" \/>\t\t\t\t\t\t\t\t\t\t\t\t\t\t\t<\/div>\n\t\t\t\t<div class=\"elementor-element elementor-element-24abf934 elementor-widget__width-initial elementor-widget elementor-widget-Section Title\" data-id=\"24abf934\" data-element_type=\"widget\" data-widget_type=\"Section Title.default\">\n\t\t\t\t<div class=\"elementor-widget-container\">\n\t\t\t\t\t\t\t<div class=\"tt-section-title text-start\">\r\n\t\t    \t\t\t\t\t\t\t\t\t\t\t\t\t\t\t\t<h2 class=\"section-heading\">Regular & Monthly Cleaning<\/h2>\r\n\t\t\t\t\t\t\t\t\t\t\t\t<div class=\"subtitle-wrap\"><p class=\"title_description\">We continue to use leading technology, develop innovative ideas and\nare able to respond to any issues within 2 hours.<\/P><\/div>\r\n\t\t\t\t\t\t\t\t<\/div>  \r\n\t\t\t\t\t\t<\/div>\n\t\t\t\t<\/div>\n\t\t\t\t\t<\/div>\n\t\t\t\t<\/div>\n\t\t\t\t<div class=\"elementor-element elementor-element-1621211c custom-button elementor-widget elementor-widget-button\" data-id=\"1621211c\" data-element_type=\"widget\" data-widget_type=\"button.default\">\n\t\t\t\t\t\t\t\t\t\t<a class=\"elementor-button elementor-button-link elementor-size-sm\" href=\"https:\/\/wordpress.templatetrip.com\/WPTM01\/WPTM002_clifton\/about-us\/\">\n\t\t\t\t\t\t<span class=\"elementor-button-content-wrapper\">\n\t\t\t\t\t\t<span class=\"elementor-button-icon\">\n\t\t\t\t\t\t\t<\/span>\n\t\t\t\t\t\t\t\t\t<span class=\"elementor-button-text\">Explore More<\/span>\n\t\t\t\t\t<\/span>\n\t\t\t\t\t<\/a>\n\t\t\t\t\t\t\t\t<\/div>\n\t\t\t\t<\/div>\n\t\t\t\t\t<\/div>\n\t\t\t\t<\/div>\n\t\t<div class=\"elementor-element elementor-element-4a352c4a e-flex e-con-boxed e-con e-parent\" data-id=\"4a352c4a\" data-element_type=\"container\">\n\t\t\t\t\t<div class=\"e-con-inner\">\n\t\t\t\t<div class=\"elementor-element elementor-element-3db9f5ac elementor-widget__width-initial elementor-widget elementor-widget-Section Title\" data-id=\"3db9f5ac\" data-element_type=\"widget\" data-widget_type=\"Section Title.default\">\n\t\t\t\t<div class=\"elementor-widget-container\">\n\t\t\t\t\t\t\t<div class=\"tt-section-title text-center\">\r\n\t\t    \t\t\t\t\t\t<div class=\"sub-title\"><span class=\"tt-section-sab\">Latest News<\/span><\/div>\r\n\t\t\t\t\t\t\t\t\t\t\t\t\t\t\t\t<h2 class=\"section-heading\">Check Now Our Latest\nNews Blog<\/h2>\r\n\t\t\t\t\t\t\t\t\t\t\t<\/div>  \r\n\t\t\t\t\t\t<\/div>\n\t\t\t\t<\/div>\n\t\t\t\t<div class=\"elementor-element elementor-element-129f758a elementor-widget elementor-widget-Blog\" data-id=\"129f758a\" data-element_type=\"widget\" data-widget_type=\"Blog.default\">\n\t\t\t\t<div class=\"elementor-widget-container\">\n\t\t\t\t\t<div class=\"blog-swiper-wrap\"><div class=\"swiper swiper-slider blog-carousel blog-style blog-style-2 swiper-bul\" data-id=\"blog-carousel\"><div class=\"swiper-wrapper\" data-desk=\"3\" data-laptop=\"3\" data-tablet=\"2\" data-mobile=\"1\" data-autoplay=\"false\" data-loop=\"false\" data-margin=\"30\" data-speed=\"1500\"><div class=\"tt-post-wrapper swiper-slide\"><div class=\"tt-post-thumbnail position-relative\"><a href=\"https:\/\/nursupply.com\/?p=141\"><img decoding=\"async\" alt=\"blog\" class=\"img-fluid\" src=\"https:\/\/nursupply.com\/wp-content\/uploads\/2023\/09\/03-copy-0.jpg\"><\/a><a href=\"https:\/\/nursupply.com\/?cat=4\" class=\"category\">Deep Cleaning Guides<\/span><\/div><div class=\"tt-post-details\"><span class=\"date\">January 5, 2024<\/span><span class=\"comments\">2 comments<\/span><div class=\"tt-post-title\"><h6><a class=\"testtest\" href=\"https:\/\/nursupply.com\/?p=141\" rel=\"bookmark\">Baking soda: A versatile, natural abrasive and deodorizer.<\/a><\/h6><\/div><div class=\"tt-post-more float-start\"><a href=\"https:\/\/nursupply.com\/?p=141\" class=\"position-relative btn btn-primary\">Read More<svg xmlns=\"http:\/\/www.w3.org\/2000\/svg\" width=\"26\" height=\"20\" viewBox=\"0 3 22 22\" fill=\"none\" stroke=\"currentColor\" stroke-width=\"2\" stroke-linecap=\"round\" stroke-linejoin=\"round\" class=\"feather feather-arrow-up-right\"><line x1=\"7\" y1=\"17\" x2=\"17\" y2=\"7\"><\/line><polyline points=\"7 7 17 7 17 17\"><\/polyline>\n\t\t\t\t\t\t\t\t\t\t\t\t\t\t<\/svg><\/a><\/div><\/div><\/div><div class=\"tt-post-wrapper swiper-slide\"><div class=\"tt-post-thumbnail position-relative\"><a href=\"https:\/\/nursupply.com\/?p=134\"><img decoding=\"async\" alt=\"blog\" class=\"img-fluid\" src=\"https:\/\/nursupply.com\/wp-content\/uploads\/2023\/09\/01-copy-0.jpg\"><\/a><a href=\"https:\/\/nursupply.com\/?cat=3\" class=\"category\">Cleaning Tips &amp; Tricks<\/span><\/div><div class=\"tt-post-details\"><span class=\"date\">February 10, 2024<\/span><span class=\"comments\">1 comments<\/span><div class=\"tt-post-title\"><h6><a class=\"testtest\" href=\"https:\/\/nursupply.com\/?p=134\" rel=\"bookmark\">Castile soap: A plant-based, multi-purpose leaner.<\/a><\/h6><\/div><div class=\"tt-post-more float-start\"><a href=\"https:\/\/nursupply.com\/?p=134\" class=\"position-relative btn btn-primary\">Read More<svg xmlns=\"http:\/\/www.w3.org\/2000\/svg\" width=\"26\" height=\"20\" viewBox=\"0 3 22 22\" fill=\"none\" stroke=\"currentColor\" stroke-width=\"2\" stroke-linecap=\"round\" stroke-linejoin=\"round\" class=\"feather feather-arrow-up-right\"><line x1=\"7\" y1=\"17\" x2=\"17\" y2=\"7\"><\/line><polyline points=\"7 7 17 7 17 17\"><\/polyline>\n\t\t\t\t\t\t\t\t\t\t\t\t\t\t<\/svg><\/a><\/div><\/div><\/div><div class=\"tt-post-wrapper swiper-slide\"><div class=\"tt-post-thumbnail position-relative\"><a href=\"https:\/\/nursupply.com\/?p=140\"><img decoding=\"async\" alt=\"blog\" class=\"img-fluid\" src=\"https:\/\/nursupply.com\/wp-content\/uploads\/2023\/09\/02-copy-0.jpg\"><\/a><a href=\"https:\/\/nursupply.com\/?cat=2\" class=\"category\">Cleaning Product Reviews<\/span><\/div><div class=\"tt-post-details\"><span class=\"date\">March 15, 2024<\/span><span class=\"comments\">2 comments<\/span><div class=\"tt-post-title\"><h6><a class=\"testtest\" href=\"https:\/\/nursupply.com\/?p=140\" rel=\"bookmark\">Essential oils: Add fragrance and boost cleaning power.<\/a><\/h6><\/div><div class=\"tt-post-more float-start\"><a href=\"https:\/\/nursupply.com\/?p=140\" class=\"position-relative btn btn-primary\">Read More<svg xmlns=\"http:\/\/www.w3.org\/2000\/svg\" width=\"26\" height=\"20\" viewBox=\"0 3 22 22\" fill=\"none\" stroke=\"currentColor\" stroke-width=\"2\" stroke-linecap=\"round\" stroke-linejoin=\"round\" class=\"feather feather-arrow-up-right\"><line x1=\"7\" y1=\"17\" x2=\"17\" y2=\"7\"><\/line><polyline points=\"7 7 17 7 17 17\"><\/polyline>\n\t\t\t\t\t\t\t\t\t\t\t\t\t\t<\/svg><\/a><\/div><\/div><\/div><div class=\"tt-post-wrapper swiper-slide\"><div class=\"tt-post-thumbnail position-relative\"><a href=\"https:\/\/nursupply.com\/?p=142\"><img decoding=\"async\" alt=\"blog\" class=\"img-fluid\" src=\"https:\/\/nursupply.com\/wp-content\/uploads\/2023\/09\/04-copy-0.jpg\"><\/a><a href=\"https:\/\/nursupply.com\/?cat=5\" class=\"category\">Green Cleaning<\/span><\/div><div class=\"tt-post-details\"><span class=\"date\">April 25, 2024<\/span><span class=\"comments\">1 comments<\/span><div class=\"tt-post-title\"><h6><a class=\"testtest\" href=\"https:\/\/nursupply.com\/?p=142\" rel=\"bookmark\">White vinegar: A powerful, non-toxic cleaner and natural disinfectant.<\/a><\/h6><\/div><div class=\"tt-post-more float-start\"><a href=\"https:\/\/nursupply.com\/?p=142\" class=\"position-relative btn btn-primary\">Read More<svg xmlns=\"http:\/\/www.w3.org\/2000\/svg\" width=\"26\" height=\"20\" viewBox=\"0 3 22 22\" fill=\"none\" stroke=\"currentColor\" stroke-width=\"2\" stroke-linecap=\"round\" stroke-linejoin=\"round\" class=\"feather feather-arrow-up-right\"><line x1=\"7\" y1=\"17\" x2=\"17\" y2=\"7\"><\/line><polyline points=\"7 7 17 7 17 17\"><\/polyline>\n\t\t\t\t\t\t\t\t\t\t\t\t\t\t<\/svg><\/a><\/div><\/div><\/div><\/div><div class=\"swiper-pagination\"><\/div><\/div><\/div>\t\t\t\t<\/div>\n\t\t\t\t<\/div>\n\t\t\t\t\t<\/div>\n\t\t\t\t<\/div>\n\t\t<div class=\"elementor-element elementor-element-67134b0d e-flex e-con-boxed e-con e-parent\" data-id=\"67134b0d\" data-element_type=\"container\">\n\t\t\t\t\t<div class=\"e-con-inner\">\n\t\t\t\t<div class=\"elementor-element elementor-element-762dbef9 elementor-widget elementor-widget-Client\" data-id=\"762dbef9\" data-element_type=\"widget\" data-widget_type=\"Client.default\">\n\t\t\t\t<div class=\"elementor-widget-container\">\n\t\t\t\t\t<div class=\"col-lg-12 col-md-12 brand-logo\"><div class=\"swiper swiper-slider client-logo swiper-bul\" data-id=\"client-logo\"><div class=\"swiper-wrapper\" data-desk=\"5\" data-laptop=\"4\" data-tablet=\"4\" data-mobile=\"3\" data-autoplay=\"false\" data-loop=\"false\" data-margin=\"30\" data-speed=\"1500\"><div class=\"item swiper-slide\"><a href=\"#\"><img decoding=\"async\" src=\" https:\/\/wordpress.templatetrip.com\/WPTM01\/WPTM002_clifton\/wp-content\/uploads\/2024\/09\/01-1.png\" alt=\"client\" \/><\/a><\/div><div class=\"item swiper-slide\"><a href=\"#\"><img decoding=\"async\" src=\" https:\/\/wordpress.templatetrip.com\/WPTM01\/WPTM002_clifton\/wp-content\/uploads\/2024\/09\/02-1.png\" alt=\"client\" \/><\/a><\/div><div class=\"item swiper-slide\"><a href=\"#\"><img decoding=\"async\" src=\" https:\/\/wordpress.templatetrip.com\/WPTM01\/WPTM002_clifton\/wp-content\/uploads\/2024\/09\/03-1.png\" alt=\"client\" \/><\/a><\/div><div class=\"item swiper-slide\"><a href=\"#\"><img decoding=\"async\" src=\" https:\/\/wordpress.templatetrip.com\/WPTM01\/WPTM002_clifton\/wp-content\/uploads\/2024\/09\/04-1.png\" alt=\"client\" \/><\/a><\/div><div class=\"item swiper-slide\"><a href=\"#\"><img decoding=\"async\" src=\" https:\/\/wordpress.templatetrip.com\/WPTM01\/WPTM002_clifton\/wp-content\/uploads\/2024\/09\/05-1.png\" alt=\"client\" \/><\/a><\/div><div class=\"item swiper-slide\"><a href=\"#\"><img decoding=\"async\" src=\" https:\/\/wordpress.templatetrip.com\/WPTM01\/WPTM002_clifton\/wp-content\/uploads\/2024\/09\/03-1.png\" alt=\"client\" \/><\/a><\/div><\/div><div class=\"swiper-pagination\"><\/div><\/div><\/div>\t\t\t\t<\/div>\n\t\t\t\t<\/div>\n\t\t\t\t\t<\/div>\n\t\t\t\t<\/div>\n\t\t\t\t<\/div>\n\t\t","protected":false},"excerpt":{"rendered":"<p>35 Years of Experience (+800)123 456 7890 About Cleaning Agency We Provide Best Cleaning Service Provider We provide a range [&hellip;]<\/p>\n","protected":false},"author":1,"featured_media":0,"parent":0,"menu_order":0,"comment_status":"closed","ping_status":"closed","template":"","meta":{"footnotes":""},"class_list":["post-2446","page","type-page","status-publish","hentry"],"_links":{"self":[{"href":"https:\/\/nursupply.com\/index.php?rest_route=\/wp\/v2\/pages\/2446","targetHints":{"allow":["GET"]}}],"collection":[{"href":"https:\/\/nursupply.com\/index.php?rest_route=\/wp\/v2\/pages"}],"about":[{"href":"https:\/\/nursupply.com\/index.php?rest_route=\/wp\/v2\/types\/page"}],"author":[{"embeddable":true,"href":"https:\/\/nursupply.com\/index.php?rest_route=\/wp\/v2\/users\/1"}],"replies":[{"embeddable":true,"href":"https:\/\/nursupply.com\/index.php?rest_route=%2Fwp%2Fv2%2Fcomments&post=2446"}],"version-history":[{"count":5,"href":"https:\/\/nursupply.com\/index.php?rest_route=\/wp\/v2\/pages\/2446\/revisions"}],"predecessor-version":[{"id":2484,"href":"https:\/\/nursupply.com\/index.php?rest_route=\/wp\/v2\/pages\/2446\/revisions\/2484"}],"wp:attachment":[{"href":"https:\/\/nursupply.com\/index.php?rest_route=%2Fwp%2Fv2%2Fmedia&parent=2446"}],"curies":[{"name":"wp","href":"https:\/\/api.w.org\/{rel}","templated":true}]}}